{"id":3559,"date":"2019-07-04T10:51:32","date_gmt":"2019-07-04T10:51:32","guid":{"rendered":"http:\/\/wp\/enfold-medium-business\/?page_id=24"},"modified":"2019-07-04T16:50:31","modified_gmt":"2019-07-04T16:50:31","slug":"servicos","status":"publish","type":"page","link":"https:\/\/fontefaria.com\/novo\/pt\/servicos\/","title":{"rendered":"Servi\u00e7os"},"content":{"rendered":"<\/div><\/div><\/div><!-- close content main div --><\/div><\/div><div id='av_section_1' class='avia-section main_color avia-section-huge avia-no-border-styling avia-full-stretch av-parallax-section av-section-color-overlay-active avia-bg-style-parallax  av-minimum-height av-minimum-height-25 container_wrap sidebar_right'  data-section-bg-repeat='stretch' ><div class='av-parallax' data-avia-parallax-ratio='0.3' ><div class='av-parallax-inner main_color  avia-full-stretch' style = 'background-repeat: no-repeat; background-image: url(https:\/\/fontefaria.com\/novo\/wp-content\/uploads\/2015\/02\/DSC01184.jpg); background-attachment: scroll; background-position: bottom center; ' ><\/div><\/div><div class='av-section-color-overlay-wrap'><div class='av-section-color-overlay' style='opacity: 0.7; background-color: #323752; '><\/div><a href='#next-section' title='' class='scroll-down-link' aria-hidden='true' data-av_icon='\ue877' data-av_iconfont='entypo-fontello'><\/a><div class='container' ><div class='template-page content  av-content-small alpha units'><div class='post-entry post-entry-type-page post-entry-3559'><div class='entry-content-wrapper clearfix'>\n<div class=\"flex_column av_one_fifth  flex_column_div first  \" ><\/div><div class=\"flex_column av_three_fifth  flex_column_div av-zero-column-padding   \" style='border-radius:0px; '><p><div style='padding-bottom:10px;color:#ffffff;font-size:40px;' class='av-special-heading av-special-heading-h1 custom-color-heading blockquote modern-quote modern-centered  av-thin-font av-inherit-size'><h1 class='av-special-heading-tag'  itemprop=\"headline\"  ><strong>Servi\u00e7os<\/strong><\/h1><div class='special-heading-border'><div class='special-heading-inner-border' style='border-color:#ffffff'><\/div><\/div><\/div><br \/>\n<div style=' margin-top:40px; margin-bottom:40px;'  class='hr hr-custom hr-center hr-icon-no '><span class='hr-inner   inner-border-av-border-fat' style=' width:50px; border-color:#ffffff;' ><span class='hr-inner-style'><\/span><\/span><\/div><\/p><\/div><div class=\"flex_column av_one_fifth  flex_column_div av-zero-column-padding   \" style='border-radius:0px; '><\/div>\n<\/div><\/div><\/div><!-- close content main div --><\/div><\/div><\/div><div id='after_section_1' class='main_color av_default_container_wrap container_wrap sidebar_right'   ><div class='container' ><div class='template-page content  av-content-small alpha units'><div class='post-entry post-entry-type-page post-entry-3559'><div class='entry-content-wrapper clearfix'>\n<\/div><\/div><\/div><!-- close content main div --><\/div><\/div><\/div><div id='av_section_2' class='avia-section main_color avia-section-huge avia-no-border-styling avia-bg-style-scroll  av-minimum-height av-minimum-height-75 container_wrap sidebar_right'   ><div class='av-section-color-overlay-wrap'><a href='#next-section' title='' class='scroll-down-link' aria-hidden='true' data-av_icon='\ue877' data-av_iconfont='entypo-fontello'><\/a><div class='container' ><div class='template-page content  av-content-small alpha units'><div class='post-entry post-entry-type-page post-entry-3559'><div class='entry-content-wrapper clearfix'>\n<div class=\"flex_column av_one_third  flex_column_div av-zero-column-padding first  \" style='border-radius:0px; '><section class=\"av_textblock_section\"  itemscope=\"itemscope\" itemtype=\"https:\/\/schema.org\/CreativeWork\" ><div class='avia_textblock '   itemprop=\"text\" ><h3>Corte<\/h3>\n<p>Sendo o corte um setor fundamental de todo o processo, a Fonte &amp; Faria adquiriu a melhor tecnologia que permite otimizar os consumos de malha e uma maior precis\u00e3o nas medidas, alcan\u00e7ando assim uma melhor qualidade no produto final.<\/p>\n<p>A nossa maquina de estender, disp\u00f5e de tecnologia pr\u00f3pria para estender malhas especiais, tais como: Elastano, viscoses, chiffon, cetim entre outras.<\/p>\n<p>A nossa maquina de corte autom\u00e1tico est\u00e1 preparada para cortar qualquer tipo de malha com o rigor e a precis\u00e3o que o mercado atual exige.<\/p>\n<p>Atualmente, o nosso armaz\u00e9m tem capacidade para armazenar cerca de 25.000 kg de malha.<\/p>\n<p>Estamos preparados para cortar cerca de 10.000 pe\u00e7as\/dia.<\/p>\n<\/div><\/section><\/div><div class=\"flex_column av_one_third  flex_column_div av-zero-column-padding   \" style='border-radius:0px; '><section class=\"av_textblock_section\"  itemscope=\"itemscope\" itemtype=\"https:\/\/schema.org\/CreativeWork\" ><div class='avia_textblock '   itemprop=\"text\" ><h3>Confe\u00e7\u00e3o<\/h3>\n<p>Dispomos de um grande e variado n\u00famero de m\u00e1quinas de costura, que nos permite atualmente ter uma grande versatilidade quanto ao tipo de pe\u00e7as que podemos confecionar.<\/p>\n<p>As nossas maquinas de costura s\u00e3o atuais e disp\u00f5e da mais recente tecnologia, que permite uma maior qualidade das pe\u00e7as e rapidez de execu\u00e7\u00e3o.<\/p>\n<p>O elevado conhecimento t\u00e9cnico dos nossos colaboradores faz com que existam altos padr\u00f5es de qualidade na nossa produ\u00e7\u00e3o.<\/p>\n<p>Atualmente, estamos preparados para uma produ\u00e7\u00e3o di\u00e1ria de cerca de 4.000 pe\u00e7as.<\/p>\n<\/div><\/section><\/div><div class=\"flex_column av_one_third  flex_column_div av-zero-column-padding   \" style='border-radius:0px; '><section class=\"av_textblock_section\"  itemscope=\"itemscope\" itemtype=\"https:\/\/schema.org\/CreativeWork\" ><div class='avia_textblock '   itemprop=\"text\" ><h3>Embalamento<\/h3>\n<p>A Fonte &amp; Faria tem um grande numero de mesas de expira\u00e7\u00e3o e respetivos ferro de engomar, apoiados por uma caldeira a g\u00e1s, que permitem uma qualidade superior na passagem a ferro das nossas pe\u00e7as.<\/p>\n<p>As nossas t\u00e9cnicas de embalagem respeitam os v\u00e1rios par\u00e2metros de seguran\u00e7a, cumprindo assim os elevados padr\u00f5es de qualidade exigidos pelos nossos clientes.<\/p>\n<p>Todas as pe\u00e7as s\u00e3o inspecionadas pelo nosso controlo de qualidade, garantindo assim uma qualidade superior.<\/p>\n<p>A nossa estrutura est\u00e1 preparada para fazer a exposi\u00e7\u00e3o da mercadoria, com capacidade de armazenamento de cerca de 1.000 caixas.<\/p>\n<p>Atualmente temos capacidade para embalar cerca de 4.000 pe\u00e7as\/dia<\/p>\n<\/div><\/section><\/div><\/div><\/div><\/div><!-- close content main div --><\/div><\/div><\/div><div id='after_section_2' class='main_color av_default_container_wrap container_wrap sidebar_right'   ><div class='container' ><div class='template-page content  av-content-small alpha units'><div class='post-entry post-entry-type-page post-entry-3559'><div class='entry-content-wrapper clearfix'><\/div><\/div><\/div><!-- close content main div --><\/div><\/div><\/div><div id='video' class='avia-section main_color avia-section-huge avia-no-shadow av-section-color-overlay-active avia-bg-style-scroll  av-section-with-video-bg container_wrap sidebar_right'    data-section-video-ratio='16:9' ><div  data-size='featured'  data-lightbox_size='large'  data-animation='slide'  data-ids=''  data-video_counter='1'  data-autoplay='false'  data-bg_slider='false'  data-slide_height=''  data-handle=''  data-interval='5'  data-class=' av-section-video-bg'  data-css_id=''  data-scroll_down=''  data-control_layout=''  data-custom_markup=''  data-perma_caption=''  data-autoplay_stopper=''  data-image_attachment=''  data-default-height='28.666666666667'  class='avia-slideshow avia-slideshow-1  av-default-height-applied avia-slideshow-featured   av-section-video-bg avia-slide-slider '  itemscope=\"itemscope\" itemtype=\"https:\/\/schema.org\/ImageObject\" ><ul class='avia-slideshow-inner' style='padding-bottom: 28.666666666667%;'><li  data-controls='disabled' data-mute='1' data-loop='1' data-disable-autoplay=''  data-video-ratio='3.4883720930233' class=' av-video-slide  av-video-service-vimeo  av-hide-video-controls av-mute-video av-loop-video av-single-slide slide-1 ' ><div data-rel='slideshow-1' class='avia-slide-wrap'  ><div class='av-click-overlay'><\/div><div class='mejs-mediaelement'><iframe src='\/\/player.vimeo.com\/video\/239599586?portrait=0&#038;byline=0&#038;title=0&#038;badge=0&#038;loop=1&#038;autopause=0&#038;api=1&#038;rel=0&#038;player_id=player_3559_465775843_246499785&#038;color=323752' height='1600' width='900'  frameborder='' class='av_vimeo_frame' id='player_3559_465775843_246499785'><\/iframe><\/div><\/div><\/li><\/ul><\/div><div class='av-section-color-overlay-wrap'><div class='av-section-color-overlay' style='opacity: 0.6; background-color: #0d1123; '><\/div><div class='container' ><div class='template-page content  av-content-small alpha units'><div class='post-entry post-entry-type-page post-entry-3559'><div class='entry-content-wrapper clearfix'>\n<span class=\"av_font_icon avia_animate_when_visible av-icon-style-border  avia-icon-pos-center \" style=\"color:#ffffff; border-color:#ffffff;\"><a href='https:\/\/vimeo.com\/239852502'   class='av-icon-char' style='font-size:40px;line-height:40px;width:40px;' aria-hidden='true' data-av_icon='\ue897' data-av_iconfont='entypo-fontello' ><\/a><\/span>\n<\/div><\/div><\/div><!-- close content main div --><\/div><\/div><\/div><div id='after_section_3' class='main_color av_default_container_wrap container_wrap sidebar_right'   ><div class='container' ><div class='template-page content  av-content-small alpha units'><div class='post-entry post-entry-type-page post-entry-3559'><div class='entry-content-wrapper clearfix'><\/p>\n<\/div><\/div><\/div><!-- close content main div --><\/div><\/div><\/div><div id='year' class='avia-section main_color avia-section-huge avia-no-border-styling avia-bg-style-scroll  av-minimum-height av-minimum-height-75 container_wrap sidebar_right'   ><div class='container' ><div class='template-page content  av-content-small alpha units'><div class='post-entry post-entry-type-page post-entry-3559'><div class='entry-content-wrapper clearfix'>\n<div class=\"flex_column av_one_fifth  flex_column_div first  \" ><\/div><div class=\"flex_column av_three_fifth  flex_column_div av-zero-column-padding   \" style='border-radius:0px; '><p><div style='padding-bottom:10px;font-size:40px;' class='av-special-heading av-special-heading-h1  blockquote modern-quote modern-centered   av-thin-font av-inherit-size'><h1 class='av-special-heading-tag'  itemprop=\"headline\"  >A Fonte <span class='special_amp'>&amp;<\/span> Faria em <strong>n\u00fameros<\/strong><\/h1><div class='special-heading-border'><div class='special-heading-inner-border' ><\/div><\/div><\/div><br \/>\n<div style=' margin-top:40px; margin-bottom:40px;'  class='hr hr-custom hr-center hr-icon-no '><span class='hr-inner   inner-border-av-border-fat' style=' width:50px; border-color:#000000;' ><span class='hr-inner-style'><\/span><\/span><\/div><\/p><\/div><div class=\"flex_column av_one_fifth  flex_column_div av-zero-column-padding   \" style='border-radius:0px; '><\/div><div class=\"flex_column av_one_fourth  flex_column_div first  \" ><div  class=\"avia-animated-number av-force-default-color avia-color-font-dark  avia_animate_when_visible\" ><strong class=\"heading avia-animated-number-title\" style='font-size:70px'><span class=\"avia-single-number\" data-number=\"1\">1<\/span><span class=\"avia-no-number\">.<\/span><span class=\"avia-single-number\" data-number=\"200\">200<\/span><\/strong><div class='avia-animated-number-content' style='font-size:19px'><p>m2 DE \u00c1REA COBERTA<\/p>\n<\/div><\/div><\/div><div class=\"flex_column av_one_fourth  flex_column_div av-zero-column-padding   \" style='border-radius:0px; '><div  class=\"avia-animated-number av-force-default-color avia-color-font-dark  avia_animate_when_visible\" ><strong class=\"heading avia-animated-number-title\" style='font-size:70px'><span class=\"avia-single-number\" data-number=\"4\">4<\/span><span class=\"avia-no-number\">.<\/span><span class=\"avia-single-number\" data-number=\"000\">000<\/span><\/strong><div class='avia-animated-number-content' style='font-size:19px'><p>PE\u00c7AS POR DIA<\/p>\n<\/div><\/div><\/div><div class=\"flex_column av_one_fourth  flex_column_div av-zero-column-padding   \" style='border-radius:0px; '><div  class=\"avia-animated-number av-force-default-color avia-color-font-dark  avia_animate_when_visible\" ><strong class=\"heading avia-animated-number-title\" style='font-size:70px'><span class=\"avia-no-number\">+<\/span><span class=\"avia-single-number\" data-number=\"50\">50<\/span><\/strong><div class='avia-animated-number-content' style='font-size:19px'><p>COLABORADORES<\/p>\n<\/div><\/div><\/div><div class=\"flex_column av_one_fourth  flex_column_div av-zero-column-padding   \" style='border-radius:0px; '><div  class=\"avia-animated-number av-force-default-color avia-color-font-dark  avia_animate_when_visible\" ><strong class=\"heading avia-animated-number-title\" style='font-size:70px'><span class=\"avia-single-number\" data-number=\"1\">1<\/span><span class=\"avia-no-number\">.<\/span><span class=\"avia-single-number\" data-number=\"000\">000<\/span><span class=\"avia-no-number\">,<\/span><span class=\"avia-single-number\" data-number=\"000\">000<\/span><\/strong><div class='avia-animated-number-content' style='font-size:19px'><p>PE\u00c7AS POR ANO<\/p>\n<\/div><\/div><\/div>\n<\/div><\/div><\/div><!-- close content main div --><\/div><\/div><div id='after_section_4' class='main_color av_default_container_wrap container_wrap sidebar_right'   ><div class='container' ><div class='template-page content  av-content-small alpha units'><div class='post-entry post-entry-type-page post-entry-3559'><div class='entry-content-wrapper clearfix'>\n","protected":false},"excerpt":{"rendered":"","protected":false},"author":1,"featured_media":0,"parent":0,"menu_order":0,"comment_status":"open","ping_status":"closed","template":"","meta":{"footnotes":""},"class_list":["post-3559","page","type-page","status-publish","hentry"],"yoast_head":"<!-- This site is optimized with the Yoast SEO plugin v23.0 - https:\/\/yoast.com\/wordpress\/plugins\/seo\/ -->\n<title>Servi\u00e7os - Fonte &amp; Faria<\/title>\n<meta name=\"robots\" content=\"index, follow, max-snippet:-1, max-image-preview:large, max-video-preview:-1\" \/>\n<link rel=\"canonical\" href=\"https:\/\/fontefaria.com\/novo\/pt\/servicos\/\" \/>\n<meta property=\"og:locale\" content=\"pt_PT\" \/>\n<meta property=\"og:type\" content=\"article\" \/>\n<meta property=\"og:title\" content=\"Servi\u00e7os - Fonte &amp; Faria\" \/>\n<meta property=\"og:url\" content=\"https:\/\/fontefaria.com\/novo\/pt\/servicos\/\" \/>\n<meta property=\"og:site_name\" content=\"Fonte &amp; Faria\" \/>\n<meta property=\"article:modified_time\" content=\"2019-07-04T16:50:31+00:00\" \/>\n<meta name=\"twitter:card\" content=\"summary_large_image\" \/>\n<meta name=\"twitter:label1\" content=\"Tempo estimado de leitura\" \/>\n\t<meta name=\"twitter:data1\" content=\"8 minutos\" \/>\n<script type=\"application\/ld+json\" class=\"yoast-schema-graph\">{\"@context\":\"https:\/\/schema.org\",\"@graph\":[{\"@type\":\"WebPage\",\"@id\":\"https:\/\/fontefaria.com\/novo\/pt\/servicos\/\",\"url\":\"https:\/\/fontefaria.com\/novo\/pt\/servicos\/\",\"name\":\"Servi\u00e7os - Fonte &amp; Faria\",\"isPartOf\":{\"@id\":\"https:\/\/fontefaria.com\/novo\/#website\"},\"datePublished\":\"2019-07-04T10:51:32+00:00\",\"dateModified\":\"2019-07-04T16:50:31+00:00\",\"breadcrumb\":{\"@id\":\"https:\/\/fontefaria.com\/novo\/pt\/servicos\/#breadcrumb\"},\"inLanguage\":\"pt-PT\",\"potentialAction\":[{\"@type\":\"ReadAction\",\"target\":[\"https:\/\/fontefaria.com\/novo\/pt\/servicos\/\"]}]},{\"@type\":\"BreadcrumbList\",\"@id\":\"https:\/\/fontefaria.com\/novo\/pt\/servicos\/#breadcrumb\",\"itemListElement\":[{\"@type\":\"ListItem\",\"position\":1,\"name\":\"In\u00edcio\",\"item\":\"https:\/\/fontefaria.com\/novo\/pt\/home\/\"},{\"@type\":\"ListItem\",\"position\":2,\"name\":\"Servi\u00e7os\"}]},{\"@type\":\"WebSite\",\"@id\":\"https:\/\/fontefaria.com\/novo\/#website\",\"url\":\"https:\/\/fontefaria.com\/novo\/\",\"name\":\"Fonte &amp; Faria\",\"description\":\"T\u00eaxtil\",\"publisher\":{\"@id\":\"https:\/\/fontefaria.com\/novo\/#organization\"},\"potentialAction\":[{\"@type\":\"SearchAction\",\"target\":{\"@type\":\"EntryPoint\",\"urlTemplate\":\"https:\/\/fontefaria.com\/novo\/?s={search_term_string}\"},\"query-input\":\"required name=search_term_string\"}],\"inLanguage\":\"pt-PT\"},{\"@type\":\"Organization\",\"@id\":\"https:\/\/fontefaria.com\/novo\/#organization\",\"name\":\"Fonte & Faria\",\"url\":\"https:\/\/fontefaria.com\/novo\/\",\"logo\":{\"@type\":\"ImageObject\",\"inLanguage\":\"pt-PT\",\"@id\":\"https:\/\/fontefaria.com\/novo\/#\/schema\/logo\/image\/\",\"url\":\"https:\/\/fontefaria.com\/novo\/wp-content\/uploads\/2016\/11\/logo_FonteFaria-02.png\",\"contentUrl\":\"https:\/\/fontefaria.com\/novo\/wp-content\/uploads\/2016\/11\/logo_FonteFaria-02.png\",\"width\":527,\"height\":253,\"caption\":\"Fonte & Faria\"},\"image\":{\"@id\":\"https:\/\/fontefaria.com\/novo\/#\/schema\/logo\/image\/\"}}]}<\/script>\n<!-- \/ Yoast SEO plugin. -->","yoast_head_json":{"title":"Servi\u00e7os - Fonte &amp; Faria","robots":{"index":"index","follow":"follow","max-snippet":"max-snippet:-1","max-image-preview":"max-image-preview:large","max-video-preview":"max-video-preview:-1"},"canonical":"https:\/\/fontefaria.com\/novo\/pt\/servicos\/","og_locale":"pt_PT","og_type":"article","og_title":"Servi\u00e7os - Fonte &amp; Faria","og_url":"https:\/\/fontefaria.com\/novo\/pt\/servicos\/","og_site_name":"Fonte &amp; Faria","article_modified_time":"2019-07-04T16:50:31+00:00","twitter_card":"summary_large_image","twitter_misc":{"Tempo estimado de leitura":"8 minutos"},"schema":{"@context":"https:\/\/schema.org","@graph":[{"@type":"WebPage","@id":"https:\/\/fontefaria.com\/novo\/pt\/servicos\/","url":"https:\/\/fontefaria.com\/novo\/pt\/servicos\/","name":"Servi\u00e7os - Fonte &amp; Faria","isPartOf":{"@id":"https:\/\/fontefaria.com\/novo\/#website"},"datePublished":"2019-07-04T10:51:32+00:00","dateModified":"2019-07-04T16:50:31+00:00","breadcrumb":{"@id":"https:\/\/fontefaria.com\/novo\/pt\/servicos\/#breadcrumb"},"inLanguage":"pt-PT","potentialAction":[{"@type":"ReadAction","target":["https:\/\/fontefaria.com\/novo\/pt\/servicos\/"]}]},{"@type":"BreadcrumbList","@id":"https:\/\/fontefaria.com\/novo\/pt\/servicos\/#breadcrumb","itemListElement":[{"@type":"ListItem","position":1,"name":"In\u00edcio","item":"https:\/\/fontefaria.com\/novo\/pt\/home\/"},{"@type":"ListItem","position":2,"name":"Servi\u00e7os"}]},{"@type":"WebSite","@id":"https:\/\/fontefaria.com\/novo\/#website","url":"https:\/\/fontefaria.com\/novo\/","name":"Fonte &amp; Faria","description":"T\u00eaxtil","publisher":{"@id":"https:\/\/fontefaria.com\/novo\/#organization"},"potentialAction":[{"@type":"SearchAction","target":{"@type":"EntryPoint","urlTemplate":"https:\/\/fontefaria.com\/novo\/?s={search_term_string}"},"query-input":"required name=search_term_string"}],"inLanguage":"pt-PT"},{"@type":"Organization","@id":"https:\/\/fontefaria.com\/novo\/#organization","name":"Fonte & Faria","url":"https:\/\/fontefaria.com\/novo\/","logo":{"@type":"ImageObject","inLanguage":"pt-PT","@id":"https:\/\/fontefaria.com\/novo\/#\/schema\/logo\/image\/","url":"https:\/\/fontefaria.com\/novo\/wp-content\/uploads\/2016\/11\/logo_FonteFaria-02.png","contentUrl":"https:\/\/fontefaria.com\/novo\/wp-content\/uploads\/2016\/11\/logo_FonteFaria-02.png","width":527,"height":253,"caption":"Fonte & Faria"},"image":{"@id":"https:\/\/fontefaria.com\/novo\/#\/schema\/logo\/image\/"}}]}},"_links":{"self":[{"href":"https:\/\/fontefaria.com\/novo\/wp-json\/wp\/v2\/pages\/3559"}],"collection":[{"href":"https:\/\/fontefaria.com\/novo\/wp-json\/wp\/v2\/pages"}],"about":[{"href":"https:\/\/fontefaria.com\/novo\/wp-json\/wp\/v2\/types\/page"}],"author":[{"embeddable":true,"href":"https:\/\/fontefaria.com\/novo\/wp-json\/wp\/v2\/users\/1"}],"replies":[{"embeddable":true,"href":"https:\/\/fontefaria.com\/novo\/wp-json\/wp\/v2\/comments?post=3559"}],"version-history":[{"count":47,"href":"https:\/\/fontefaria.com\/novo\/wp-json\/wp\/v2\/pages\/3559\/revisions"}],"predecessor-version":[{"id":4791,"href":"https:\/\/fontefaria.com\/novo\/wp-json\/wp\/v2\/pages\/3559\/revisions\/4791"}],"wp:attachment":[{"href":"https:\/\/fontefaria.com\/novo\/wp-json\/wp\/v2\/media?parent=3559"}],"curies":[{"name":"wp","href":"https:\/\/api.w.org\/{rel}","templated":true}]}}